osite number?
False
Let y = 2807 + 260. Is y a composite number?
False
Let i = -15 - -19. Suppose n = -i*n + 15. Suppose 5*l - 207 = -0*v - 4*v, -247 = -4*v + n*l. Is v a prime number?
False
Is 7124 - ((-8)/(-4) + 1) a composite number?
False
Suppose -6 = -4*b + 10. Suppose -b*a + 1624 = 4*a. Is a a composite number?
True
Let q be 2/(-4)*(-4 + (3 - 5)). Suppose -q*j + 46 + 17 = 0. Is j prime?
False
Suppose 2 = w + 23. Let j = w + 27. Suppose j*x + 15 = 3*x, 0 = -3*z - 5*x + 1094. Is z prime?
True
Suppose o - 20 = -8. Suppose o*i - 15*i = -4431. Is i prime?
False
Let o(a) be the second derivative of 419*a**5/10 - a**3/3 + a**2 - 44*a. Is o(1) composite?
True
Suppose -2*f + 7*f - 15 = 0. Suppose n + 2330 = f*n. Suppose 0 = -2*g, 5*x - 5*g - 30 = n. Is x a prime number?
True
Let w be (522/(-15))/(-3*(-2)/(-20)). Suppose -9*r + w = -379. Is r a composite number?
True
Suppose d + 11 = 4*w, 5*d + 2*w - 25 = 6*w. Suppose -3*b + 5*v = -3236, b + 4*v - 1081 = d. Is b composite?
True
Let c(x) = 479*x**2 + 7*x - 4. Let o be c(3). Is (-4)/(-2)*o/16 composite?
False
Let m(k) = k**3 + 2*k**2 - 5*k + 7. Let n be 1/(63/15 - 4). Is m(n) a prime number?
True
Let i be -3 + (16185/(-6))/((-1)/2). Is -3 - (-7)/(28/i) prime?
False
Suppose -12*n = 5*n - 153493. Is n a prime number?
True
Suppose -6*w = -3*w + 9, 5*w = 5*m - 75. Is 2*3/m*(0 - -3274) a composite number?
False
Let w(h) = 110*h - 13. Let a(r) = -331*r + 40. Let q(k) = 4*a(k) + 11*w(k). Is q(-6) a composite number?
False
Is 479245/25 + 60/50 prime?
False
Let o(f) = 42*f + 1. Let d(n) = 4*n - 2. Let b be d(3). Suppose 4*k - b + 6 = 0. Is o(k) a composite number?
False
Is (18664/40)/((-11)/(-110)) composite?
True
Suppose 5*r + 29 - 24 = 0. Is r/((-3)/20839) + 6/9 a composite number?
False
Is 2*-1 + (-11022)/(-6) prime?
False
Suppose -2*q - 14124 = -6*q. Suppose -4*s + 5*m + q = 0, 0*s - 2*m = 5*s - 4455. Is s a prime number?
False
Let s(t) = t**3 - 6*t + 2. Suppose 3*d - 5*c + 16 = 0, -c = -0*d - 5*d + 10. Let g be s(d). Suppose 2545 = g*v - 6*v. Is v a composite number?
False
Let g = 1347 + 3302. Let t = g - 2646. Is t a composite number?
False
Suppose -u + 420 = -16*u. Let h = u - -185. Is h composite?
False
Suppose 0 = 4*n + 2*d + 108, -86 = 3*n + 5*d - 12. Let q = n + 755. Is q prime?
True
Suppose 4*r - 8 = 2*r. Suppose -8*q + 7*q = -r. Suppose q*y - 5*i - 2043 = 0, 0 = 3*y - 2*i - 580 - 961. Is y a prime number?
False
Suppose -4*h - 3*n + 3659 = 2*n, 2*n - 917 = -h. Suppose -p + 373 = -2*c, c = -4*p + 536 + h. Let y = p - 46. Is y composite?
False
Suppose -481692 = 10*w - 22*w. Is w a composite number?
True
Let m(a) = -a - 8. Let o be m(-9). Let s(j) = 465*j. Let b be s(o). Suppose -2*w = w - b. Is w a prime number?
False
Let c(o) = o**2 + o. Let t be c(0). Let b(s) be the third derivative of -s**6/120 - s**5/60 + s**4/24 + 67*s**3/6 + 8*s**2. Is b(t) a prime number?
True
Let s(r) = -3*r**2 - 28*r + 15. Let p be s(-10). Let m(x) = -2*x**3 - x**2 + x + 5 + 2 - 4*x**2. Is m(p) composite?
False
Suppose 3*s - 267340 = -5*n, 3*s + 15 = -0*s. Is n a composite number?
True
Let g = 62035 + -42134. Is g prime?
False
Let a = 2 - -5. Let g(l) = l**3 - 5*l**2 + 6*l + 15. Is g(a) prime?
False
Let n = -23 - -27. Suppose -h = -n, 2*q - 558 = h + 3*h. Is q prime?
False
Suppose -5*c + 23 = -2*p, 4*p - 8*p = -c + 1. Suppose -7*j + 646 = -c*j. Is j composite?
True
Let x be (16 - -1)*(-2 + 0). Let h be (-158)/(x/(-8) - 4). Let v = h + 1071. Is v a prime number?
True
Let a = 24704 + -17349. Is a composite?
True
Suppose i = 5*t - 5140, -2056 = 3*t - 5*t - 5*i. Suppose 2*c + 2*c = t. Is c composite?
False
Suppose 0 = -5*f + 28 - 8. Suppose -3*v - v - 5*z + 116 = 0, -4*v - f*z = -112. Let u = v - -15. Is u composite?
True
Let z be ((629/(-2))/(-1))/((-2)/(-4)). Suppose 4*y - 2534 = 3*p, -5*p = -y - 2*p + z. Is y a composite number?
True
Let f(a) = 29*a + 3. Let c(z) = z**2 - 3*z - 4. Let v be c(4). Suppose -3*w = -v*w - 12. Is f(w) a composite number?
True
Let d(s) = 7*s**2 + 10 + s**3 + 14*s**2 + 2 + 40*s + 7*s**2. Is d(-25) a prime number?
True
Let k = 2731 - 1733. Suppose v - 2 = 0, -k = -2*g - 2*g + 3*v. Is g prime?
True
Let j = -5605 - -18534. Is j a prime number?
False
Suppose 0 = -2*p - 4*b + 1502, -p = -5*b - 942 + 191. Is p a prime number?
True
Let g = -8 + 18. Let h = 27 + g. Suppose w - 126 = -h. Is w composite?
False
Let z = -21 - -24. Is (-1481)/(-4) - z/(-4) prime?
False
Let q(y) = 438*y**2 - y + 9. Is q(-8) composite?
True
Suppose 2*o - 2 = 4*o. Let l be (o/2)/(4/264). Is (-1 + 3/9)*l a composite number?
True
Let q(w) = 4*w + 2*w**2 - w**2 + 1 + 3*w**2 - 2*w**2. Suppose 6*k + 11 = 53. Is q(k) prime?
True
Suppose n - 5*n = -4*o + 70060, -2*n - 87587 = -5*o. Is o a composite number?
False
Is 7020 - (8/(-2) + 5) prime?
True
Suppose 4*t - 5307 = -3*b + 1142, -3*t + 4*b = -4843. Is t/5 + (-20)/(-50) a composite number?
True
Suppose -2*m + 907 = -931. Is m composite?
False
Suppose 55 = 8*f - 3*f. Suppose -12*j = -13*j + f. Is j a prime number?
True
Is 3646*((-48)/(-216) + 10/36) a composite number?
False
Suppose -12*j + 11*j + 18814 = 4*n, n - 4*j = 4695. Is n a composite number?
False
Let v(j) = -j**3 + 9*j**2 - 2*j + 18. Let r be v(9). Suppose 25*u - 29*u + 228 = r. Is u a prime number?
False
Let y(x) = -x**2 - 11*x + 14. Let i be y(-12). Suppose -k + 6*v + 1127 = v, i*k = -3*v + 2280. Is k a prime number?
False
Let w = 17 + -13. Let c(y) = y + 4. Let h be c(w). Is h/(-36) - 2117/(-9) composite?
True
Let c(y) = -11 - 25*y + 7*y**2 + 18*y + 18*y. Is c(10) prime?
False
Is (-2 + -1 + -3 + 5)*-16333 a prime number?
True
Let y = 62 - 34. Let o be y - 0 - (-1)/(-1). Is 990/o + (-2)/(-6) prime?
True
Suppose -2*l - 16 = 2*l. Let a(c) = c**2 + 5*c + 6. Let d be a(l). Suppose -d*i + 144 = 4*y - 716, 430 = 2*y + 4*i. Is y a prime number?
False
Suppose 20 = 5*k, r + 4*k = 253 + 248. Is r a prime number?
False
Suppose 0 = -3*i + 2*i. Let s(t) = t**3 + 5. Let n be s(i). Suppose 4*g - 8*g + 1378 = 2*h, 3*h + n*g = 2062. Is h prime?
False
Let k(q) = -3432*q - 619. Is k(-3) composite?
False
Suppose -6*d + 3*d - 5 = -r, -5*d - 1 = 2*r. Suppose -r*m + 2500 = 2*y, -2*m - y - 2491 = -4*m. Is m a composite number?
True
Let d(r) = r**2 - 8*r - 3. Let m be d(8). Let n = m - 6. Is 27/n - (-180 + -1) a composite number?
True
Suppose -29*c + 24*c = -5. Is 3 - c - (-1208 - -5) a composite number?
True
Let d be -5 + ((-6)/(-10) - 15444/65). Let a = 397 + 56. Let i = d + a. Is i a composite number?
False
Let q = 56 - 56. Suppose q = -3*g + 3, 6*t - t + 4*g - 13899 = 0. Is t a prime number?
False
Let s(f) = f**3 + 7*f**2 + 5*f - 5. Let g be s(-6). Let m be 2*222 + g/1. Suppose -7*l = -2*l - m. Is l a prime number?
True
Suppose 41 = -4*k - 5*u, 5 + 1 = 2*u. Let q be (-64)/(-5)*(-105)/k. Let f = 274 - q. Is f prime?
False
Suppose 0 = 5*f - x + 26, -f + 4*x - 15 + 6 = 0. Let k(z) = -z**3 - 5. Let r be k(f). Suppose 0 = 3*u + 3 - r. Is u a prime number?
False
Let y(i) = -274*i - 3. Let h(l) = l. Let k be ((4 - 7) + 1)/2. Let b(w) = k*y(w) - 5*h(w). Is b(2) composite?
False
Let o(j) = 1292*j + 121. Is o(13) a prime number?
False
Let i be 5 - 13/(39/180). Let j = 152 + i. Is j a composite number?
False
Suppose 23*h - 29*h + 33006 = 0. Is h prime?
True
Let j = 231 - -512. Is j a composite number?
False
Let a be -142 + 1 + (-12)/(-4). Let j = 11 - a. Is j a composite number?
False
Is (-707126)/(-49) - (-7)/(-49) a composite number?
False
Let r = 2191 + -1508. Is r prime?
True
Let o = 786 + -330. Let v = o + 502. Suppose -3*b - 199 = -v. Is b composite?
True
Suppose -5*j - 2 = -17. Suppose 2*w + 10311 = 5*h, j*h = 2*w - 4*w + 6193. Is h composite?
False
Suppose -3*c + 229 + 445 = 5*k, -5*c - k = -1094. Let r = c + -133. Is r a prime number?
False
Let h = -551 + 994. Let m = 774 - h. Is m prime?
True
Suppose -4*g - r = -21047, -4*g + 4*r + 0*r + 21032 = 0. Is g a composite number?
False
Suppose 9*d + 2139 = 19986. Suppose -2*w + 2053 = t - d, 0 = -3*t - 6. Is w a composite number?
True
Let u(c) = c**3 - 2*c**2 - 2. Let a be u(2). Let i be -1 - (a - -12)*-1. Suppose -i*y = -5*y - 1012. Is y a composite number?
True
Let p be ((-3)/9)/((-4)/1104). Suppose 0 = d + d + p. Let w = d + 93. Is w composite?
False
Let l = -62 - -433. Is l prime?
False
Let n(q)